*x + z - 4 = -4*z. Let u be c(x). Let m(k) = 2*k - 5 - 4*k - u. Determine m(-5).
3
Let g = -15 - -11. Let s = g + 2. Let r(m) = m**2 + 2*m. What is r(s)?
0
Let w = 8 + -9. Let j(r) = -6*r + 4 - 3 - 2. What is j(w)?
5
Let p(o) = o**2 + 2*o - 3. Let v be 9/(-21) + 25/(-7). Calculate p(v).
5
Let w(h) = h**3 + 3*h**2 - 4. Suppose -3*m + 9 + 10 = j, -3*m = -3*j - 3. Let z(d) = -2*d + 1 - 2*d + 3*d. Let g be z(j). Calculate w(g).
-4
Let p(d) = -5*d**2 + d. Let t be 2*(1 - (-9)/(-6)). What is p(t)?
-6
Let s(d) = 3*d**3 - 8*d**2 + d + 2. Let t(w) = 4*w**3 - 9*w**2 + 2*w + 2. Let u(l) = -5*s(l) + 4*t(l). Determine u(-3).
-2
Let y(f) be the first derivative of f**2/2 + f + 3. Determine y(-2).
-1
Let t(x) = 7*x**2 + x + 1. Suppose 4*r - 6*r - 17 = -5*n, 0 = -5*n + 15. What is t(r)?
7
Let c(p) be the third derivative of -p**4/12 - p**3/3 - 6*p**2. Calculate c(5).
-12
Let p be ((-2)/4)/((-4)/24). Let i(v) = 2*v + v - v - p - v. Give i(6).
3
Let y be 1/4 + 9/(-4). Let w(h) be the third derivative of 0*h + 3*h**2 + 0 - 1/3*h**3 + 1/24*h**4. Give w(y).
-4
Let o(s) = s**3 + 5*s**2 + 3*s - 1. Suppose 2*w + 0*w = -4*n + 18, 0 = -2*n + 3*w - 3. Suppose -5*h - 18 = -n. Calculate o(h).
8
Let n(u) = -8*u + u + 6*u + 1. Determine n(6).
-5
Let r(g) = -14 + 22 - 10 + g. What is r(5)?
3
Let i be ((-81)/(-21) - 4)*-7. Let a(z) = -3*z**2 + 1. What is a(i)?
-2
Let y be 1*5*-1*1. Let l(n) be the first derivative of 2*n**2 + 1/3*n**3 + 3 - 6*n. What is l(y)?
-1
Let g(h) = -h**2 + 2*h + 3. Let m be g(0). Suppose m = i - 0*y + 4*y, -i + 3 = -4*y. Let k(v) = v**3 - 3*v**2 - 4. Calculate k(i).
-4
Let a(h) = h**2 - 5*h + 2. Let s(y) = -3*y**2 + y + 1. Let o(n) = -13*n**2 + 4*n + 4. Let w(d) = 2*o(d) - 9*s(d). Let k be w(-2). Calculate a(k).
2
Let q(g) = 3*g**2 - 1 - g**3 + 0 - 2*g**2 + 3*g. Let a be 28/8 - 6/4. Calculate q(a).
1
Let c = 2 + 0. Let m be (c - (-1 + 3))/(-1). Let p(h) = m*h - 2 + 2*h + 5 + h. What is p(-2)?
-3
Let b(p) = 2 + p**2 - 4 + 6*p - 2*p**2. Give b(5).
3
Suppose 0*l - 7 = -l. Let k = l + -6. Let t(d) be the second derivative of d**4/3 - d**2/2 + d. Give t(k).
3
Suppose -f - 5 = -2*f. Let w(r) = 0*r - f - 5*r - 2 - r**2. Let o(j) = -2*j**2 - 24*j - 27. Let d be o(-11). Determine w(d).
-7
Let g(h) = 7*h**2 - 1. Let c = 32 - 31. Give g(c).
6
Let i = 7 - 5. Let n(d) = d**2 + 19 + 0*d**i - 7 - 9. Let c = 1 - 1. What is n(c)?
3
Let x(o) = o**2 - 5*o - 8. Let d(r) = -2*r + 17. Let i be d(5). Give x(i).
6
Suppose 4*y = 5*y + 5. Let j = y + 2. Let m(x) be the third derivative of x**6/120 + x**5/20 - x**4/8 - x**3/3 - x**2. Determine m(j).
7
Let i(u) be the second derivative of u**4/12 - 5*u**3/6 - 7*u**2/2 - u. Let r be -2 + 0 + 2 + 4. Suppose -1 = -y + r. Determine i(y).
-7
Let t = -21 + 25. Let s(p) = p - 7. Determine s(t).
-3
Let q(u) = -3*u - 4. Let w(p) = -p**3 + 9*p**2 + 11*p - 8. Let g be w(10). Suppose g*r = -4*l + 6*r + 4, 3*l + 4*r + 32 = 0. Determine q(l).
8
Let z be -6 + -9*5/(-15). Let u(d) = -d**2 - d + 2. Give u(z).
-4
Suppose 3*j = 3*k - 9, -2 = 2*j + 6. Let y(n) = -n - 1. What is y(k)?
0
Suppose 64 = 2*n + 8. Let x(d) = -31*d - 2*d**2 + 6*d**2 + n*d + 4 - d**3. Give x(4).
-8
Let k = -9 - -11. Let a = 0 + 1. Let f(v) = -1 + 9*v + v**k + 0*v**2 - a - 4*v. Give f(-5).
-2
Suppose 4 + 5 = 3*f. Let d(s) = 2*s - 6. Let j be d(6). Let q = f - j. Let n(r) = -3*r - 4. Determine n(q).
5
Suppose -2*f + f = -2. Let s(m) = -7*m**3 + m**2 - m**2 + m**f + 1 + 2*m - m. Calculate s(-1).
8
Let i(b) = b**2 - 3*b + 2. Let w be i(2). Let n(h) = -h - 2*h - 5 + 4*h. Calculate n(w).
-5
Let u(x) = -1 + 2 - x**3 + 1. Let z be (-36)/(-14) + 44/(-77). Calculate u(z).
-6
Suppose 9*f = 4*f + 10. Let c(l) = -3*l**f + 48*l**3 + 3 - l - 1 - 47*l**3 - 5. Calculate c(4).
9
Let f(r) be the second derivative of r**5/20 + 7*r**4/12 + 2*r**3/3 - r**2/2 - r. What is f(-6)?
11
Let a(u) = -u**2 + u + 1. Suppose 6*v = 5*v. Let m be a(v). Let l(q) = -6*q**3 + q - 1. Calculate l(m).
-6
Suppose g + 2*n - 3*n + 6 = 0, 3*n = 2*g + 13. Let x(h) be the second derivative of h**5/20 + 7*h**4/12 + 4*h**3/3 + 2*h**2 + 5*h. Determine x(g).
14
Let j(q) = -2*q + q + 3*q - 7 - 3. Calculate j(8).
6
Let d(x) = x**2 - 6*x - 3. Let i(v) = -2*v**2 + 7*v + 4. Let n(o) = -3*d(o) - 2*i(o). Calculate n(-3).
-2
Suppose -2*u + y = -3*u + 26, 5*y = -3*u + 72. Suppose 2*t - 10 = 0, p + 2*t = -3*t + u. Let z(n) = -1 - 3*n + p - n**2 + 0. Calculate z(-3).
3
Let g = 21 + -17. Let f(m) = m**2 - 3*m - 1. Give f(g).
3
Let z(b) be the first derivative of -b**3/3 - b**2/2 - 2*b - 23. Determine z(-2).
-4
Let w be 54/(-10) + 14/35. Let u(r) = -3*r**3 + 13*r**2 - 14*r - 13. Let k(t) = -4*t**3 + 19*t**2 - 21*t - 19. Let x(p) = 5*k(p) - 7*u(p). Give x(w).
6
Let w(h) = 2*h - 7. Let y be (3/(-6) - -3)*2. Suppose y + 1 = m. What is w(m)?
5
Let x(h) = -h**2 + h + 1. Let g(b) = 2*b - 6. Let a be g(5). Suppose 5*s - 4 = 4*j, -a*s + 3*j = -s - 3. Let f be 10/2 + s + -2. Give x(f).
-5
Suppose -q - 1 = -2*q. Let s(f) = -10*f. Give s(q).
-10
Suppose 2*s + 12 = -2*v + 4*v, 2*s + 4*v = 6. Let p(q) = -q**3 - q**2 + 5*q + 2. Calculate p(s).
5
Let t(a) = -a**2 - 3. Let r(x) = x**3 - 8*x**2 + 2*x - 12. Let v(i) = -r(i) + 4*t(i). Let g(p) = 10*p**2. Let n be g(-1). Let m = -7 + n. Determine v(m).
3
Suppose 4*c - 5*p + 6*p = 2, 6 = -2*c - 4*p. Let h(j) = -11*j + 1. Calculate h(c).
-10
Suppose -5 = 4*i - 3*x, 11 = -3*i - 2*x + 3. Let k(y) = -3*y - 2. Let m(s) = 4*s + 2. Let l(c) = 2*k(c) + 3*m(c). Determine l(i).
-10
Let x(c) = -c**3 - c**2 + c. Let s be (10/35)/(((-6)/(-7))/3). Give x(s).
-1
Let i(s) = -s**3 - 2*s - 1. Let j be i(-1). Let h(w) = -1 + 6*w**2 - 7*w**j - 5*w + 0. What is h(-5)?
-1
Let f(l) = l**2 + 7*l + 7. Let d be f(-6). Let i(s) = 2*s**2 - 3*s**2 + 0*s**2 + d + 2*s**2 + 2*s. Calculate i(-1).
0
Let x(p) = -11*p**3 + 8*p**2 + 5*p - 1. Let h(i) = 4*i**3 - 3*i**2 - 2*i. Let r(u) = -8*h(u) - 3*x(u). Suppose -3*o - o = 0. Calculate r(o).
3
Suppose -42*v - 70 = -52*v. Let k(n) be the first derivative of n**2/2 - 7*n - 1. What is k(v)?
0
Suppose 0 = -4*i + 12, -2*z - 15 = -3*z - 4*i. Suppose 3*v - 3 = z. Let t(m) = 1. Let y(f) = -f - 5. Let h(j) = -5*t(j) - y(j). What is h(v)?
2
Let k(w) = 5*w**3 - 3*w + 3. Let n(t) = 0*t + 3*t + 6 - 7*t + 6*t**3 + t**2 - 2. Let a(y) = 5*k(y) - 4*n(y). Calculate a(4).
3
Suppose -g = -2*f + 4 + 3, -f = 5*g - 9. Let h(k) = -5*k**3 - k + 1. Give h(g).
-5
Let l(w) = -w**3 + 3*w**2 + 4*w + 2. Let y be 18/4 - 2*6/24. What is l(y)?
2
Let d(y) be the second derivative of y**4/12 - y**3/2 - 2*y**2 + 17*y. Determine d(-4).
24
Suppose 0*i = -5*x + i - 15, -4*x - 21 = i. Let t(j) be the second derivative of -1/2*j**3 + 0 - 1/20*j**5 - j**2 - 5/12*j**4 - 3*j. Calculate t(x).
-6
Let k(c) = -6*c - 2*c + 2 + 0*c + 3*c. Calculate k(2).
-8
Let y(h) be the third derivative of -h**5/6 + h**4/24 + 8*h**2. Determine y(1).
-9
Let n(s) = s**2 - 2*s**2 - s**2 - 9 + 3*s**2 + 9*s. Let w be n(-10). Let l(j) be the first derivative of 4*j**3/3 + j**2/2 - 1. Determine l(w).
5
Suppose 4*k - k + 3 = 0. Let a be 1 - (1 - 2)*k. Let b(y) = -y**3 - y - 5. Give b(a).
-5
Let s(a) = -a**2 + 7 - 3*a + 0*a**2 - 2*a. Determine s(-6).
1
Let a(f) = -2*f**2 - 7*f + 1. Let w be a(-3). Let y(u) = 3*u**2 - 15 - 2*u**2 + 10 - w*u. Calculate y(5).
0
Let h(q) be the first derivative of -q**7/840 + 7*q**6/360 + 3*q**4/8 + 5*q**3/3 - 9. Let n(b) be the third derivative of h(b). Calculate n(7).
9
Let m(h) = h**3 - 4*h**2 - 5*h. Let w be m(5). Let b(i) = i**3 - i**2 - i + 1. Let l(k) = -3*k**3 + 3*k**2 + 3*k + 12. Let s(t) = -2*b(t) - l(t). What is s(w)?
-14
Suppose -3*y - 1 + 13 = 0. Let t(i) = 1 + 3 + 5*i - y*i. Calculate t(-3).
1
Let i(l) = -1 + 3*l + 3 - l. What is i(-3)?
-4
Let i be (-12)/(-8)*2/3. Suppose 1 = a - i. Let s(h) = 4*h - 2*h - h + 5*h**a. Calculate s(1).
6
Let c = -5 - -8. Let r(w) = w**2 - 2*w - 2. Calculate r(c).
1
Let y(f) = -f + 2. Let i be y(-5). Suppose 20 = i*j - 2*j. Let h(w) = w**3 - 5*w**2 + 1. What is h(j)?
-15
Let t(m) = 5*m**2 - 13*m - 8. Let o(c) = -c**2 + c. Let i(r) = -6*o(r) - t(r). Let k = -12 + 6. Determine i(k).
2
Let w(y) = -y**3 - 5*y**2 + y + 5. Suppose 2*h - n + 6 = 0, -5*h - 5*n = -3*n + 33. Give w(h).
0
Let j(m) = -m**2 - m - 7. Let l(s) = -4*s + 2*s + 6 + 3*s + s**2. Let a(h) = 5*j(h) + 6*l(h). Give a(-1).
1
Let m